ivisor of a and 258?
6
Let k be 274 + -16 - (2 + 3). Suppose -k*t = -250*t - 66. What is the greatest common factor of t and 11?
11
Let c = -167 - -271. Let x = 244 - c. What is the greatest common factor of 56 and x?
28
Let u = -70 - -50. Let m be (48/(-6))/(2/u). Suppose 0 = 17*d - 22*d + m. Calculate the highest common divisor of 80 and d.
16
Suppose -21 = 4*o - 9. Let a be o/(-9) + 789*(-2)/(-18). Let p be 8 + -5 - (-16)/2. Calculate the greatest common divisor of a and p.
11
Let j = -61 + 64. Let d(u) = -6 - 5*u - 2*u**2 - 7*u**2 + 9*u**2 + u**j. Let t be d(3). What is the highest common divisor of 48 and t?
6
Suppose 4*x = 5*i + 17500, -8290 - 4835 = -3*x + 5*i. Calculate the highest common divisor of 70 and x.
35
Let m be (-230)/(-2)*(-18)/(-15)*-1. Let q = m - -146. Calculate the highest common factor of 20 and q.
4
Let i be ((-2261)/49 + -1)/(3/(-28)). What is the greatest common divisor of 495 and i?
55
Let o = 76497 - 32206. What is the greatest common factor of o and 13?
13
Let x(z) = 2*z**2 + 18*z + 8. Let h be x(-7). Let s be (-4)/h*1*15. Suppose s*v - 308 = 244. What is the highest common factor of 8 and v?
8
Suppose 266*x = -7*x + 2100189. What is the greatest common factor of 49 and x?
49
Let l(d) = d**3 + 39*d**2 + 117*d + 39. Let x be l(-36). Let p be x/2*-6*(-24)/(-54). What is the greatest common divisor of 60 and p?
20
Let k = 5448 - 5126. What is the greatest common factor of k and 56?
14
Suppose -21*g + 96 = -15*g. Let j(d) = 24 - 7*d - 18 - 13 + 4*d**2. Let i be j(-5). What is the greatest common factor of g and i?
16
Suppose 2*i = 3*i - 24. Let v(d) = -d. Let g be v(-2). Suppose -12 = -2*x - 2*j, 3*x - 26 = g*j - j. Calculate the highest common divisor of x and i.
8
Suppose 0 = -4*p - 49 + 69. Suppose 2206 = 5*n - h, -3*n - p*h + 1187 = -159. What is the greatest common divisor of 34 and n?
34
Suppose -4*j + 4*g + 40 = 0, 3*g = -4*j + 5*g + 44. Let m(s) = s**3 + 12*s**2 - 3*s + 40. Let w be m(-12). What is the highest common factor of w and j?
4
Suppose 4*a - 15 = -3. Suppose -3 = -3*t + i, 3*t - a*i + i = 0. Let p(j) = 2*j**2 - 2*j + 1. Let o be p(t). Calculate the greatest common factor of 40 and o.
5
Let x = 1106 - 1078. What is the highest common divisor of 1169 and x?
7
Let q be (75/12)/(1/8). Suppose 3*m = 2*m + q. Suppose 0 = -5*d + 4*f + 42, -61*d + 57*d = f - 42. What is the highest common factor of d and m?
10
Suppose 35*z + 8 + 97 = 0. Let j be 1 - z - (1 + -50). Calculate the greatest common factor of j and 212.
53
Let t = -6421 + 6449. Calculate the greatest common divisor of 12572 and t.
28
Suppose -258*k - 5*w = -263*k + 4340, -4*k + 3472 = w. What is the highest common factor of 12 and k?
4
Let r be (-15)/((9/(-30))/(22/110)). Suppose 2 + 0 = -2*j. Let z be j + 149 - (-1 + -1). What is the greatest common divisor of r and z?
10
Suppose -2*s = -0*s - 3*d - 338, 3*s - 494 = -2*d. Suppose 5*r + s - 806 = 0. Let u be (-6)/15*-20*2. Calculate the highest common factor of r and u.
16
Let t(b) = -77*b - 818. Let p be t(-34). Calculate the highest common divisor of p and 54.
18
Let s(l) = -36*l - 108. Let g be s(-3). Suppose f - 6*f = -15, g = 5*k - 3*f - 1. What is the highest common factor of 114 and k?
2
Let y = 301 + -182. Let k = 1306 + -1282. Suppose -4*c - 2*i + 110 = 38, 0 = -2*c + 5*i + k. Calculate the highest common divisor of c and y.
17
Let k(j) = 5*j - 11. Let c = -540 - -553. Let o be k(c). What is the greatest common divisor of 90 and o?
18
Let h = -32545 - -35532. Calculate the greatest common divisor of h and 145.
29
Let o(r) be the first derivative of 109*r**2/2 + 21*r + 51. Let n be o(1). Calculate the highest common factor of n and 10.
10
Let r(l) = -l**3 + l**2 + l. Let p be r(-2). Let w = 89 - 243. Let z = 194 + w. Calculate the greatest common factor of p and z.
10
Suppose 6 = -0*d + 3*d. Suppose 0 = d*q - 3*q + 3. Let x be (-12)/48*(-8 - 28). Calculate the greatest common divisor of q and x.
3
Let q be (-10)/(-3)*6/10. Let l be 1/q*-2 + 525. Suppose 0 = -11*f + l - 84. What is the highest common divisor of 40 and f?
40
Let f(v) = -9*v + 884. Let x be f(85). Calculate the greatest common factor of x and 119.
119
Let v be 4874 - 100/(-35)*(-84)/24. Calculate the highest common factor of v and 19.
19
Let j be (2*(-6)/20 - (-53)/5)*864. What is the greatest common factor of j and 9?
9
Let x be (((-6)/21)/(76/152))/(2/(-14)). What is the highest common divisor of 349 and x?
1
Let z = -5 + 25. Suppose 9*r = -2 + z. Suppose f = i + 25, -r*i = -5*i - 3. Calculate the greatest common factor of 120 and f.
24
Suppose 101*r + 182*r = -27*r + 77810. Calculate the highest common divisor of r and 4.
1
Let z be 25/15 + (-609)/63 + 47. What is the highest common divisor of z and 41?
1
Let w(s) = -28771*s**3 + 18*s + 28772*s**3 - 55*s - 34*s**2 + 79. Let u be w(35). What is the highest common factor of 225 and u?
9
Let y(n) = 4*n - 72. Let g be y(25). Suppose 2*d - 44 = g. What is the highest common factor of d and 9?
9
Suppose -168*a = -172*a + 3*p + 133, 98 = 3*a - 4*p. What is the highest common divisor of a and 3893?
17
Suppose 0 = -5*a - 4*l + 1896, -8*a - 761 = -10*a + l. What is the greatest common factor of a and 8?
4
Suppose 3*d + 4*d - 28 = 0. Let q be -4 - -34 - (1 - d/4). What is the highest common factor of q and 195?
15
Suppose 16*p = -18 + 50. Suppose 5*v + 0*v - 342 = -2*k, -v + 66 = -p*k. Calculate the highest common divisor of 544 and v.
68
Suppose f - 30 = -20. Let z = 9 - f. Let y be (9*-2)/z + 2/(-1). Calculate the greatest common factor of 24 and y.
8
Suppose -98*g = 79*g - 27612. Calculate the greatest common divisor of 377 and g.
13
Let c = -1890 - -1045. Let y = 847 + c. What is the highest common factor of 256 and y?
2
Suppose -156 + 6 = -262*k + 112. Let p(l) = -l**3 + 5*l**2 + 3*l - 6. Let y = 13 + -8. Let b be p(y). Calculate the greatest common factor of b and k.
1
Let b = -14443 - -15171. What is the highest common factor of b and 280?
56
Let j(q) = -12*q**2 + 17*q. Let h be j(1). Suppose -v - v - 304 = -4*d, h*d - 3*v - 380 = 0. Calculate the greatest common divisor of d and 76.
76
Let l be -3*((1 - 216) + 165/(-15)). What is the greatest common factor of 20114 and l?
226
Let u(c) = -1 - 21*c**2 - 17*c**2 + 39*c**2 - 2*c - 4. Let x be u(-5). What is the highest common factor of x and 330?
30
Suppose 0 = 19*u - 20*u + 5*h + 232, 4*u - 4*h = 880. What is the highest common factor of 124 and u?
31
Let a(q) = q**3 - 7*q**2 + 4*q - 7. Let f be a(7). Suppose 0 = 5*u - 26 + f. Let w be 24/9*6/4. What is the greatest common factor of w and u?
1
Let m(z) = 2*z**2 - 12*z + 19. Let g be m(7). Let a(r) = 4*r**2 - 33*r - 97. Let x be a(-7). Calculate the highest common divisor of x and g.
33
Let n = 1889 + 9877. Calculate the highest common factor of 74 and n.
74
Let q = 318 + -322. Let b be ((-7920)/6)/q - 0. What is the greatest common divisor of 90 and b?
30
Let r = 341 - 337. Let u(h) = -h**3 + 6*h**2 + 8*h - 10. Let f be u(7). Let t be 0 + f + 35/1. What is the greatest common factor of r and t?
4
Let u = 73 - -116. Let t(o) = o**2 + 2*o - 9. Let z be t(-8). Let f = 60 - z. Calculate the greatest common divisor of u and f.
21
Suppose -77*o + 8611 + 5493 = -34*o. Calculate the highest common divisor of o and 24.
8
Let q be 9/21 - 11660/28. Let f = 422 + q. Calculate the highest common factor of f and 138.
6
Suppose h - 4*h = -255. Suppose 5*f = h + 35. Calculate the greatest common divisor of f and 168.
24
Let q(o) = -20*o + 80. Let j(m) = -4*m + 15. Let v be j(6). Let k be q(v). Calculate the greatest common factor of 104 and k.
52
Let c(l) = 59*l**2 - l - 1. Let o be c(-1). Suppose 0 = -4*n + o + 149. Let z = -54 + 67. What is the highest common factor of z and n?
13
Suppose -1024 = 5*w - 13*w. Suppose -l + 0 = -9. Suppose -l*o + 32 = -8*o. Calculate the greatest common divisor of o and w.
32
Suppose -83*v - 5068 = -87*v - 4*d, 4*v = 5*d + 5041. Calculate the greatest common factor of 64 and v.
16
Suppose -120*p + 70552 + 235754 = 186*p. What is the greatest common divisor of 847 and p?
77
Let k be 704/10 + (-405)/(-1350)*4/(-3). What is the highest common factor of k and 2163?
7
Let n be (1 - 54912/(-27)) + (-8)/(-36). Calculate the highest common factor of 55 and n.
55
Le